{"id":962,"date":"2021-11-21T20:13:10","date_gmt":"2021-11-21T20:13:10","guid":{"rendered":"https:\/\/estonianblacksmith.com\/?page_id=962"},"modified":"2021-11-21T20:13:10","modified_gmt":"2021-11-21T20:13:10","slug":"contact","status":"publish","type":"page","link":"https:\/\/estonianblacksmith.com\/?page_id=962&lang=en","title":{"rendered":"CONTACT"},"content":{"rendered":"\n<div class=\"is-layout-flex wp-container-3 wp-block-columns are-vertically-aligned-center\">\n<div class=\"is-layout-flow wp-block-column is-vertically-aligned-center\">\n<div class=\"inline_contact\"><svg xmlns=\"http:\/\/www.w3.org\/2000\/svg\" x=\"0px\" y=\"0px\" width=\"50\" height=\"50\" viewBox=\"0 0 50 50\" style=\" fill:#ffffff;\"><path d=\"M 14 4 C 8.4886661 4 4 8.4886661 4 14 L 4 36 C 4 41.511334 8.4886661 46 14 46 L 36 46 C 41.511334 46 46 41.511334 46 36 L 46 14 C 46 8.4886661 41.511334 4 36 4 L 14 4 z M 13 16 L 37 16 C 37.18 16 37.349766 16.020312 37.509766 16.070312 L 27.679688 25.890625 C 26.199688 27.370625 23.790547 27.370625 22.310547 25.890625 L 12.490234 16.070312 C 12.650234 16.020312 12.82 16 13 16 z M 11.070312 17.490234 L 18.589844 25 L 11.070312 32.509766 C 11.020312 32.349766 11 32.18 11 32 L 11 18 C 11 17.82 11.020312 17.650234 11.070312 17.490234 z M 38.929688 17.490234 C 38.979688 17.650234 39 17.82 39 18 L 39 32 C 39 32.18 38.979687 32.349766 38.929688 32.509766 L 31.400391 25 L 38.929688 17.490234 z M 20 26.410156 L 20.890625 27.310547 C 22.020625 28.440547 23.510234 29 24.990234 29 C 26.480234 29 27.959844 28.440547 29.089844 27.310547 L 29.990234 26.410156 L 37.509766 33.929688 C 37.349766 33.979688 37.18 34 37 34 L 13 34 C 12.82 34 12.650234 33.979687 12.490234 33.929688 L 20 26.410156 z\"><\/path><\/svg><p>viljar.pettai@mail.ee<\/p><\/div>\n\n\n\n<div class=\"inline_contact\"><svg xmlns=\"http:\/\/www.w3.org\/2000\/svg\" x=\"0px\" y=\"0px\" width=\"50\" height=\"50\" viewBox=\"0 0 50 50\" style=\" fill:#ffffff;\"><path d=\"M 14 3.9902344 C 8.4886661 3.9902344 4 8.4789008 4 13.990234 L 4 35.990234 C 4 41.501568 8.4886661 45.990234 14 45.990234 L 36 45.990234 C 41.511334 45.990234 46 41.501568 46 35.990234 L 46 13.990234 C 46 8.4789008 41.511334 3.9902344 36 3.9902344 L 14 3.9902344 z M 18.005859 12.033203 C 18.633859 12.060203 19.210594 12.414031 19.558594 12.957031 C 19.954594 13.575031 20.569141 14.534156 21.369141 15.785156 C 22.099141 16.926156 22.150047 18.399844 21.498047 19.589844 L 20.033203 21.673828 C 19.637203 22.237828 19.558219 22.959703 19.824219 23.595703 C 20.238219 24.585703 21.040797 26.107203 22.466797 27.533203 C 23.892797 28.959203 25.414297 29.761781 26.404297 30.175781 C 27.040297 30.441781 27.762172 30.362797 28.326172 29.966797 L 30.410156 28.501953 C 31.600156 27.849953 33.073844 27.901859 34.214844 28.630859 C 35.465844 29.430859 36.424969 30.045406 37.042969 30.441406 C 37.585969 30.789406 37.939797 31.366141 37.966797 31.994141 C 38.120797 35.558141 35.359641 37.001953 34.556641 37.001953 C 34.000641 37.001953 27.316344 37.761656 19.777344 30.222656 C 12.238344 22.683656 12.998047 15.999359 12.998047 15.443359 C 12.998047 14.640359 14.441859 11.879203 18.005859 12.033203 z\"><\/path><\/svg> <p>+372 53 96 7537<\/p><\/div>\n\n\n\n<div class=\"inline_contact\"><svg xmlns=\"http:\/\/www.w3.org\/2000\/svg\" x=\"0px\" y=\"0px\" width=\"50\" height=\"50\" viewBox=\"0 0 50 50\" style=\" fill:#ffffff;\">    <path d=\"M41,4H9C6.24,4,4,6.24,4,9v32c0,2.76,2.24,5,5,5h32c2.76,0,5-2.24,5-5V9C46,6.24,43.76,4,41,4z M37,19h-2c-2.14,0-3,0.5-3,2 v3h5l-1,5h-4v15h-5V29h-4v-5h4v-3c0-4,2-7,6-7c2.9,0,4,1,4,1V19z\"><\/path><\/svg> <p>Viljar Pettai Sepat\u00f6\u00f6d O\u00dc<\/p><\/div>\n<\/div>\n\n\n\n<div class=\"is-layout-flow wp-block-column is-vertically-aligned-center\">\n<iframe src=\"https:\/\/www.google.com\/maps\/embed?pb=!1m18!1m12!1m3!1d17072.34388300657!2d26.689070971531656!3d57.66475384519693!2m3!1f0!2f0!3f0!3m2!1i1024!2i768!4f13.1!3m3!1m2!1s0x46ea56a14636e297%3A0x787e71aa442db9a3!2sMatsi%2C%20V%C3%B5ru%20maakond!5e0!3m2!1set!2see!4v1637520274919!5m2!1set!2see\" width=\"600\" height=\"450\" style=\"border:0;\" allowfullscreen=\"\" loading=\"lazy\"><\/iframe>\n<\/div>\n<\/div>\n\n\n\n<h4>If you have questions or want to order, feel free to contact me<\/h4>\n\n\n<div class=\"wpforms-container \" id=\"wpforms-958\"><form id=\"wpforms-form-958\" class=\"wpforms-validate wpforms-form wpforms-ajax-form\" data-formid=\"958\" method=\"post\" enctype=\"multipart\/form-data\" action=\"\/index.php?rest_route=%2Fwp%2Fv2%2Fpages%2F962\" data-token=\"0f46eef5daab68518712f3d88c6f14e1\"><noscript class=\"wpforms-error-noscript\">Please enable JavaScript in your browser to complete this form.<\/noscript><div class=\"wpforms-field-container\"><div id=\"wpforms-958-field_4-container\" class=\"wpforms-field wpforms-field-email\" data-field-id=\"4\"><label class=\"wpforms-field-label\" for=\"wpforms-958-field_4\">Email <span class=\"wpforms-required-label\">*<\/span><\/label><input type=\"email\" id=\"wpforms-958-field_4\" class=\"wpforms-field-small wpforms-field-required\" name=\"wpforms[fields][4]\" required><\/div><div id=\"wpforms-958-field_1-container\" class=\"wpforms-field wpforms-field-textarea\" data-field-id=\"1\"><label class=\"wpforms-field-label\" for=\"wpforms-958-field_1\">Content <span class=\"wpforms-required-label\">*<\/span><\/label><textarea id=\"wpforms-958-field_1\" class=\"wpforms-field-small wpforms-field-required\" name=\"wpforms[fields][1]\" required><\/textarea><\/div><\/div><div class=\"wpforms-submit-container\"><input type=\"hidden\" name=\"wpforms[id]\" value=\"958\"><input type=\"hidden\" name=\"wpforms[author]\" value=\"1\"><button type=\"submit\" name=\"wpforms[submit]\" id=\"wpforms-submit-958\" class=\"wpforms-submit\" data-alt-text=\"Sending...\" data-submit-text=\"Submit\" aria-live=\"assertive\" value=\"wpforms-submit\">Submit<\/button><img src=\"https:\/\/estonianblacksmith.com\/wp-content\/plugins\/wpforms-lite\/assets\/images\/submit-spin.svg\" class=\"wpforms-submit-spinner\" style=\"display: none;\" width=\"26\" height=\"26\" alt=\"Loading\"><\/div><\/form><\/div>  <!-- .wpforms-container -->","protected":false},"excerpt":{"rendered":"<p>viljar.pettai@mail.ee +372 53 96 7537 Viljar Pettai Sepat\u00f6\u00f6d O\u00dc If you have questions or want to order, feel free to contact me<\/p>\n","protected":false},"author":1,"featured_media":0,"parent":0,"menu_order":0,"comment_status":"closed","ping_status":"closed","template":"","meta":{"om_disable_all_campaigns":false,"_mi_skip_tracking":false},"_links":{"self":[{"href":"https:\/\/estonianblacksmith.com\/index.php?rest_route=\/wp\/v2\/pages\/962"}],"collection":[{"href":"https:\/\/estonianblacksmith.com\/index.php?rest_route=\/wp\/v2\/pages"}],"about":[{"href":"https:\/\/estonianblacksmith.com\/index.php?rest_route=\/wp\/v2\/types\/page"}],"author":[{"embeddable":true,"href":"https:\/\/estonianblacksmith.com\/index.php?rest_route=\/wp\/v2\/users\/1"}],"replies":[{"embeddable":true,"href":"https:\/\/estonianblacksmith.com\/index.php?rest_route=%2Fwp%2Fv2%2Fcomments&post=962"}],"version-history":[{"count":2,"href":"https:\/\/estonianblacksmith.com\/index.php?rest_route=\/wp\/v2\/pages\/962\/revisions"}],"predecessor-version":[{"id":965,"href":"https:\/\/estonianblacksmith.com\/index.php?rest_route=\/wp\/v2\/pages\/962\/revisions\/965"}],"wp:attachment":[{"href":"https:\/\/estonianblacksmith.com\/index.php?rest_route=%2Fwp%2Fv2%2Fmedia&parent=962"}],"curies":[{"name":"wp","href":"https:\/\/api.w.org\/{rel}","templated":true}]}}